rime factors of 826051?
826051
List the prime factors of 236877.
3, 23, 3433
What are the prime factors of 386130?
2, 3, 5, 61, 211
What are the prime factors of 793012?
2, 11, 67, 269
List the prime factors of 71309.
7, 61, 167
List the prime factors of 3222275.
5, 7, 18413
List the prime factors of 2093186.
2, 701, 1493
What are the prime factors of 922988?
2, 11, 1907
What are the prime factors of 2648487?
3, 439, 2011
What are the prime factors of 226724?
2, 56681
What are the prime factors of 1016248?
2, 127031
What are the prime factors of 195621?
3, 197, 331
What are the prime factors of 1419130?
2, 5, 191, 743
List the prime factors of 630158.
2, 163, 1933
List the prime factors of 6459803.
7, 23, 40123
What are the prime factors of 30986969?
13, 2383613
List the prime factors of 284303.
23, 47, 263
List the prime factors of 465993.
3, 11, 523
List the prime factors of 101554.
2, 50777
What are the prime factors of 3300062?
2, 1650031
What are the prime factors of 4752538?
2, 7, 339467
What are the prime factors of 341652?
2, 3, 71, 401
List the prime factors of 8352297.
3, 883, 1051
What are the prime factors of 2338?
2, 7, 167
List the prime factors of 3363294.
2, 3, 11, 131, 389
What are the prime factors of 805059?
3, 3313
What are the prime factors of 3092953?
19, 162787
What are the prime factors of 197434?
2, 98717
What are the prime factors of 1648581?
3, 11, 49957
What are the prime factors of 5770675?
5, 230827
What are the prime factors of 14127343?
14127343
List the prime factors of 6941569.
53, 130973
List the prime factors of 165940.
2, 5, 8297
What are the prime factors of 973704?
2, 3, 29, 1399
List the prime factors of 260011.
260011
What are the prime factors of 192664?
2, 24083
List the prime factors of 175379.
83, 2113
What are the prime factors of 88617?
3, 109, 271
List the prime factors of 3113474.
2, 7, 13, 17107
List the prime factors of 2504836.
2, 43, 14563
What are the prime factors of 257943?
3, 7, 71, 173
List the prime factors of 124100.
2, 5, 17, 73
What are the prime factors of 4678438?
2, 1489, 1571
What are the prime factors of 21712192?
2, 37, 53, 173
What are the prime factors of 395764?
2, 163, 607
What are the prime factors of 284941?
107, 2663
What are the prime factors of 69694?
2, 34847
What are the prime factors of 354319?
7, 1033
What are the prime factors of 18087?
3, 6029
List the prime factors of 29357241.
3, 347, 28201
List the prime factors of 1396846.
2, 11, 63493
List the prime factors of 111474.
2, 3, 11, 563
What are the prime factors of 373773?
3, 23, 5417
What are the prime factors of 17533263?
3, 11, 4391
List the prime factors of 253977.
3, 84659
What are the prime factors of 3912072?
2, 3, 163003
List the prime factors of 2274945.
3, 5, 37, 4099
What are the prime factors of 15923970?
2, 3, 5, 176933
List the prime factors of 154254.
2, 3, 47, 547
List the prime factors of 649142.
2, 13, 24967
What are the prime factors of 6868?
2, 17, 101
List the prime factors of 8557436.
2, 29, 73771
List the prime factors of 211187.
211187
List the prime factors of 193938.
2, 3, 32323
What are the prime factors of 10491060?
2, 3, 5, 174851
What are the prime factors of 1691947?
29, 41, 1423
What are the prime factors of 21636?
2, 3, 601
What are the prime factors of 410252?
2, 102563
List the prime factors of 452288.
2, 37, 191
List the prime factors of 2113512.
2, 3, 83, 1061
What are the prime factors of 158588?
2, 41, 967
List the prime factors of 116192.
2, 3631
List the prime factors of 1291240.
2, 5, 19, 1699
What are the prime factors of 653121?
3, 7, 1481
What are the prime factors of 2453858?
2, 11, 111539
What are the prime factors of 1663019?
307, 5417
What are the prime factors of 246264?
2, 3, 31, 331
List the prime factors of 2496792.
2, 3, 104033
What are the prime factors of 992477?
17, 79, 739
List the prime factors of 1674369.
3, 186041
What are the prime factors of 3697?
3697
List the prime factors of 9324758.
2, 181, 25759
What are the prime factors of 9743553?
3, 97, 11161
List the prime factors of 151698.
2, 3, 131, 193
List the prime factors of 5793349.
37, 156577
What are the prime factors of 54005?
5, 7, 1543
What are the prime factors of 15724651?
419, 37529
List the prime factors of 227673.
3, 41, 617
What are the prime factors of 526124?
2, 103, 1277
List the prime factors of 2272509.
3, 17, 4951
What are the prime factors of 26918942?
2, 13459471
List the prime factors of 428484.
2, 3, 7, 5101
List the prime factors of 44638849.
127, 271, 1297
What are the prime factors of 4505487?
3, 7, 73, 2939
List the prime factors of 119757.
3, 11, 19, 191
What are the prime factors of 93555?
3, 5, 7, 11
List the prime factors of 12083268.
2, 3, 443, 2273
What are the prime factors of 141050?
2, 5, 7, 13, 31
List the prime factors of 664373.
19, 73, 479
What are the prime factors of 1440709?
167, 8627
List the prime factors of 30776.
2, 3847
List the prime factors of 1165072.
2, 72817
List the prime factors of 312564.
2, 3, 7, 61
What are the prime factors of 419730?
2, 3, 5, 17, 823
List the prime factors of 34149192.
2, 3, 7, 11, 17, 1087
List the prime factors of 21613110.
2, 3, 5, 71, 73, 139
What are the prime factors of 2152758?
2, 3, 358793
List the prime factors of 167405.
5, 7, 4783
List the prime factors of 3000633.
3, 1000211
List the prime factors of 7757143.
59, 131477
What are the prime factors of 41253862?
2, 13, 59, 26893
List the prime factors of 4825147.
23, 209789
List the prime factors of 1564463.
29, 73, 739
What are the prime factors of 369618?
2, 3, 61603
What are the prime factors of 959866?
2, 127, 3779
What are the prime factors of 4151823?
3, 13, 19, 431
List the prime factors of 312950.
2, 5, 11, 569
What are the prime factors of 1425546?
2, 3, 26399
What are the prime factors of 27040038?
2, 3, 727, 6199
What are the prime factors of 659507?
281, 2347
List the prime factors of 257651.
101, 2551
List the prime factors of 1124271.
3, 124919
What are the prime factors of 7413660?
2, 3, 5, 13729
What are the prime factors of 1115106?
2, 3, 37, 5023
List the prime factors of 468986.
2, 7, 139, 241
What are the prime factors of 411102?
2, 3, 23, 331
List the prime factors of 555883.
17, 19, 1721
List the prime factors of 722972.
2, 61, 2963
List the prime factors of 7709745.
3, 5, 173, 2971
What are the prime factors of 3403544?
2, 425443
List the prime factors of 3750906.
2, 3, 263, 2377
What are the prime factors of 6624648?
2, 3, 92009
List the prime factors of 3231949.
7, 461707
List the prime factors of 1121566.
2, 560783
What are the prime factors of 136864?
2, 7, 13, 47
List the prime factors of 426749.
587, 727
What are the prime factors of 384975?
3, 5, 29, 59
List the prime factors of 6560881.
6560881
List the prime factors of 34314327.
3, 1270901
What are the prime factors of 149768?
2, 97, 193
What are the prime factors of 4945190?
2, 5, 494519
What are the prime factors of 223687?
19, 61, 193
What are the prime factors of 271877?
61, 4457
List the prime factors of 9473238.
2, 3, 526291
What are the prime factors of 692815?
5, 138563
List the prime factors of 1053291.
3, 351097
What are the prime factors of 622574?
2, 17, 18311
List the prime factors of 1280413.
647, 1979
What are the prime factors of 89193?
3, 13, 2287
List the prime factors of 40192938.
2, 3, 2232941
What are the prime factors of 80628?
2, 3, 6719
List the prime factors of 321033.
3, 113, 947
What are the prime factors of 5106928?
2, 319183
What are the prime factors of 11096353?
83, 133691
What are the prime factors of 245543?
29, 8467
List the prime factors of 1732708.
2, 17, 83, 307
List the prime factors of 9664865.
5, 7, 461, 599
List the prime factors of 12701318.
2, 7, 907237
What are the prime factors of 253107?
3, 28123
List the prime factors of 63879.
3, 107, 199
What are the prime factors of 9981108?
2, 3, 17, 47, 347
List the prime factors of 62595.
3, 5, 13, 107
List the prime factors of 374552.
2, 46819
List the prime factors of 994437.
3, 12277
List the prime factors of 9069682.
2, 23, 71, 2777
What are the prime factors of 175088?
2, 31, 353
What are the prime factors of 396258?
2, 3, 211, 313
List the prime factors of 849213.
3, 157, 601
List the pri